{"id":6,"date":"2011-12-27T23:21:35","date_gmt":"2011-12-27T23:21:35","guid":{"rendered":"http:\/\/www.gegen-spam.eu\/?page_id=6"},"modified":"2016-06-27T16:31:19","modified_gmt":"2016-06-27T15:31:19","slug":"impressum","status":"publish","type":"page","link":"http:\/\/www.gegen-spam.eu\/?page_id=6","title":{"rendered":"Impressum"},"content":{"rendered":"<p><span style=\"color: #000080;\" size=\"15\">Comitte data protection and privacy<br \/>\n<\/span><BR>DarkStar Stiftung<br \/>\n<BR> 34 Rue Gabriel Lippmann<br \/>\nL-5365 Munsbach ( Luxembourg)<br \/>\nFon: <strong>+35220333260<\/p>\n<p>\nRegistered office:<br \/>\nApt 893, Chynoweth House<br \/>\nTrevissome Park<br \/>\nTruro, TR4 8UN  UK<br \/>\n&#8211; &#8211; &#8211;<br \/>\nCompany No: 10253075<br \/>\nregistered in England and Wales<br \/>\nLimited By Guarantee<br \/>\nuse of &#8216;Limited&#8217; exemption<br \/>\n<BR><br \/>\n<a href=\"mailto:ermittlungen@gegen-spam.eu?subject=ImpressumAnfrage\">Ich habe eine Frage oder suche Hilfe bei einer Ermittlung<\/a><br \/>\n<BR><br \/>\nWir sind eine Europ\u00e4ische Vereinigung zum Schutz der privaten Daten und zum Schutz vor Spam aller Art. Wir unterst\u00fctzen Gerichte, Staatsanwaltschaften, Polizeibeh\u00f6rden, Firmen und auch Privatpersonen bei der Aufkl\u00e4rung und Verfolgung der Taten und T\u00e4ter.<br \/>\n<BR><br \/>\n<BR><br \/>\nDiese Seite lebt nur von Spenden und der Mitarbeit aller.<br \/>\n<BR><\/p>\n","protected":false},"excerpt":{"rendered":"<p>Comitte data protection and privacy DarkStar Stiftung 34 Rue Gabriel Lippmann L-5365 Munsbach ( Luxembourg) Fon: +35220333260 Registered office: Apt 893, Chynoweth House Trevissome Park Truro, TR4 8UN UK &#8211; &#8211; &#8211; Company No: 10253075 registered in England and Wales Limited By Guarantee use of &#8216;Limited&#8217; exemption Ich habe eine Frage oder suche Hilfe bei [&hellip;]<\/p>\n","protected":false},"author":1,"featured_media":0,"parent":0,"menu_order":0,"comment_status":"open","ping_status":"open","template":"","meta":{"footnotes":""},"class_list":["post-6","page","type-page","status-publish","hentry"],"_links":{"self":[{"href":"http:\/\/www.gegen-spam.eu\/index.php?rest_route=\/wp\/v2\/pages\/6","targetHints":{"allow":["GET"]}}],"collection":[{"href":"http:\/\/www.gegen-spam.eu\/index.php?rest_route=\/wp\/v2\/pages"}],"about":[{"href":"http:\/\/www.gegen-spam.eu\/index.php?rest_route=\/wp\/v2\/types\/page"}],"author":[{"embeddable":true,"href":"http:\/\/www.gegen-spam.eu\/index.php?rest_route=\/wp\/v2\/users\/1"}],"replies":[{"embeddable":true,"href":"http:\/\/www.gegen-spam.eu\/index.php?rest_route=%2Fwp%2Fv2%2Fcomments&post=6"}],"version-history":[{"count":10,"href":"http:\/\/www.gegen-spam.eu\/index.php?rest_route=\/wp\/v2\/pages\/6\/revisions"}],"predecessor-version":[{"id":869,"href":"http:\/\/www.gegen-spam.eu\/index.php?rest_route=\/wp\/v2\/pages\/6\/revisions\/869"}],"wp:attachment":[{"href":"http:\/\/www.gegen-spam.eu\/index.php?rest_route=%2Fwp%2Fv2%2Fmedia&parent=6"}],"curies":[{"name":"wp","href":"https:\/\/api.w.org\/{rel}","templated":true}]}}